)?
21
Calculate (-8 - 4 - -20) + (12 - 0) + -6.
14
Evaluate -39 + (-9 - -36) - 16.
-28
Calculate 3 + -9 + 5 + 3 + -8.
-6
What is -7 + 10 + 5 + -4 + 6 + -48?
-38
(-1 - -2 - -6) + 1 - -2
10
Evaluate -24 + (-9 - -28) - -27.
22
(0 - 3) + (-70 - -61 - (3 + 0))
-15
What is (9 - (-2 - -3)) + (-83 - -35) + 24?
-16
Calculate 14 - (7 + 24 + -35).
18
What is the value of -2 + (2 - (-25 + 13)) + 2?
14
What is the value of 0 + (6 - 0) - (5 - (1 + 0))?
2
(-3 - (-1 + 0)) + 1 + -10
-11
What is -17 + 27 + 17 + -25?
2
Calculate (-10 - -1) + (-79 - -89).
1
Calculate -34 + (27 - -2) + (-2 - -30).
23
What is the value of (1 - -42 - (14 - 6)) + -12?
23
What is the value of 56 + -60 - (1 - 16)?
11
Calculate (-12 + 34 + 7 - -1) + -12.
18
What is 23 + -30 + 13 + 3 + -6?
3
What is the value of -1 + -2 - (-94 + 52 - -16)?
23
Calculate -9 + (4 - ((-32 - 0) + 17 + -27)).
37
What is (-21 - (0 + -10 + -39 + 48)) + -3?
-23
What is the value of 6 + (-9 - 0) + 2 + -1?
-2
Evaluate -18 + (-3 - -36) + -2.
13
Evaluate 2 - (-5 - -3 - -11 - 11).
4
What is the value of -3 + (-5 - 11) + (-5 - -11) + 17?
4
-702 - -695 - (0 - (1 + 8))
2
Calculate 7 + 0 + -11 + (13 - 14) + 11.
6
(0 - (11 + 5 - -4)) + 8
-12
Calculate (-16 - 2 - -9) + 5 - 14.
-18
4 + 2 - 4 - (11 + -2 + -36)
29
-27 - (-15 + (1 - -13 - 6))
-20
-3 + 16 + 174 + -201
-14
What is the value of 0 + 24 - (-18 + 30)?
12
Evaluate 3 + -2 + 6 + -1 + -7 + 1.
0
What is the value of (-63 - -55) + (-1 - 5) + -3 + 1?
-16
What is 9 + (-2 - (-20 + 12))?
15
What is (-8 - 8 - -6) + 5 + -15 + -4?
-24
What is the value of (-3 - 1) + (-29 - -33) - -4 - 4?
0
Evaluate (17 + -22 - (1 - -1)) + (-2 - -13).
4
Calculate -8 - (-9 + -1) - 6.
-4
(1 - (11 - 1)) + (1005 - 983)
13
Evaluate -8 + 2 - (-57 - -37 - (0 - 2)).
12
Calculate -3 + -4 + -2 + (1 - 0) + 6.
-2
What is 0 + 7 - (113 - 103)?
-3
What is the value of 14 - (60 - (-17 + 53))?
-10
What is (1 - 7) + 1 + (-8 - -3) + 8?
-2
Calculate (-1 - (-2 + -4 - (2 + -4))) + -6.
-3
Calculate -1 + 0 + 0 + -7 + 13 + 10.
15
What is -14 + 64 + -28 + -7?
15
Calculate 1 - 7 - (-2 + -6 - -5) - 6.
-9
What is (9 - 0) + (-79 - -70)?
0
What is the value of -15 - (-14 + -9) - -2?
10
What is 36 - (11 - 3 - (38 + -42))?
24
0 + -6 + (-10 - -35) + -25
-6
7 + 0 + (-2 - (14 - 26))
17
Evaluate -12 - (19 + -14 - 5).
-12
What is (4 + (7 - (-4 + 8)) - 1) + 4?
10
What is (-27 - -34) + -24 - -2?
-15
Calculate 20 + (-14 - (-18 + 13)) - 22.
-11
What is -1 - 0 - (56 + -26 - 24)?
-7
Calculate -10 + 3 + 0 + 1 + 78 + -86.
-14
Calculate -20 - (1 + (1 - 32)).
10
What is (-1 - ((16 - 2) + -12)) + 13?
10
Evaluate -11 + 18 + (-22 - -13).
-2
Evaluate 1 - 2 - (6 + (-5 - 6 - -11)).
-7
-11 + -16 + 31 + (0 - -1) + -12
-7
Calculate -35 - -6 - (43 + -48).
-24
Calculate (2 - -5) + (-7 - -2 - 2 - 4).
-4
What is the value of 19 + (-11 - (11 + -7))?
4
Calculate -8 + 28 + 4 - 16.
8
What is the value of -7 - (-18 + 25) - (-2 + 0)?
-12
171 + -142 - (-2 - -34)
-3
2 - 21 - (31 + -38)
-12
What is 16 - (29 + -12 + -4)?
3
0 - 2 - (1944 + -1947)
1
Evaluate 85 - 88 - (-1 + -7).
5
Evaluate (1 + -1 - (-2 + (0 - -12))) + 8.
-2
What is the value of -27 - (3 + 2 + -37)?
5
(33 - (-7 + -7 + 28)) + -2 + -3
14
What is the value of 3 + -7 + -2 + (1158 - 1181)?
-29
Calculate (14 - 5 - 10 - -8) + -9 + 0.
-2
Evaluate (-238 - -256) + -2 + 2 + 2 + 3.
23
What is the value of -43 + (42 - 19 - 3)?
-23
What is -1 - (5 + -2) - (-6 - -1 - -7)?
-6
Calculate -18 - -32 - (8 + (-9 - -41)).
-26
Calculate -5 - (-9 - (-8 - -17)).
13
Evaluate -30 - (-13 - -16 - 18).
-15
Calculate -2 + -1 + 0 + -2 + 3.
-2
What is 22 - 29 - -8 - -4?
5
Calculate (10 - -1 - (-270 + 269)) + 2.
14
What is (-13 - -6 - -2) + (-10 - (0 + -1))?
-14
What is (1 - -33) + (-31 - -10) + 8?
21
What is 14 - (0 - 0 - (0 + -5))?
9
What is the value of (-2 + -37 - -27) + 26?
14
Evaluate (0 + -10 - -17 - 0) + -25.
-18
-9 - (-3 - ((22 - 13) + -11))
-8
15 + 8 + -18 + -1
4
What is the value of -13 - (-10 - -23 - 10)?
-16
Calculate 8 + -12 - 7 - -15.
4
Calculate 3 + 4 - 26 - (-1 - 1).
-17
What is the value of (11 + -2 - 0) + (7 - 1) + -4?
11
Calculate (18 - 12) + (-4 + 1 - -7 - 0).
10
What is the value of 1 - (26 - (-21 + 88))?
42
What is (8 - -1) + (-4 - -11)?
16
Calculate 1 - -5 - (-15 - (24 + -32)).
13
Calculate 8 - 5 - 1 - (-2 + -6 + 4).
6
What is 9 - (-4 + (-7 - (14 - 42)))?
-8
Evaluate -28 + (25 - (33 - 39)).
3
What is the value of 9 - (16 + (-4 - 1))?
-2
Calculate -11 + 19 + (10 - 20) + 12 + 7.
17
What is the value of 13 + (-50 - (44 - 88))?
7
Calculate -1 + -3 - (14 + -2 - (31 + -20)).
-5
Calculate (55 - 43) + 0 + 2 - (12 - 2).
4
Calculate (13 - -7 - 12) + 0.
8
Evaluate -16 - ((-3 - -2) + -9) - (6 + 0).
-12
Evaluate -1 - 4 - (6 + -4) - (0 - 4).
-3
What is the value of -26 - (17 + 10 + -49)?
-4
(-7 + -12 - -8) + (0 + 2 - 7)
-16
Evaluate -1 + -25 + -95 + 117.
-4
What is the value of -13 - (20 + 2 - 28)?
-7
What is -38 - (2 + (-31 - -20))?
-29
What is 0 + 10 + (359 - 350)?
19
Calculate -12 + (18 - 28) + 6.
-16
(7 - 0) + -16 + 8 - 3
-4
8 + (4 - (8 - -7))
-3
What is (-9 + -8 + 10 - 1) + 10?
2
-16 + 13 - ((1 - 3) + 3)
-4
Evaluate 18 - (7 - (-1 + 3 + 4) - -4).
13
Calculate (-12 - (12 + -37)) + (-1 - -13).
25
27 + -23 + (1 - 8) - (-1 - -1)
-3
What is the value of -23 + 17 - ((2 - 13) + 5)?
0
What is -3 + (1 - 1) + (-9 - -7) + -11?
-16
What is the value of (-39 - (-31 + -12)) + (20 - -3) + -1?
26
What is the value of 19 + (-1 + 0 - (-18 + 7)) + -7?
22
-35 + -17 + 38 + 2 + 1 + 2
-9
2 - (29 + -21 + -7)
1
3 + (2 - 3 - (15 - 38))
25
4 + (14 + 0 - 7)
11
What is the value of -9 - (-10 - -5) - 5?
-9
-16 + 15 + (8 - 13)
-6
Calculate 16 - (-3 - (-12 - 1 - 2)).
4
Evaluate 0 - -9 - (-13 + -15 + 45).
-8
Calculate -5 - (10 - -3 - (10 + 5)).
-3
1 - (-55 + 19 + 21)
16
0 - (11 + (10 - (-9 - (-25 + 7))))
-12
-4 - ((5 - (4 + 3)) + 15)
-17
Calculate 61 + (26 - 53) - ((2 - -6) + 0).
26
What is the value of -49 - -32 - (-10 + 0)?
-7
What is the value of 17 + -5 + 4 + -9 - -13?
20
Calculate 35 + 12 + (-26 - 14).
7
What is the value of (-103 - -21 - -47) + -3 + 10 + -2?
-30
Calculate -6 + (1 - -5) + -48 + 32 - -5.
-11
(-8 - (-2 - 2) - (1 + 5)) + -23
-33
49 - 45 - (-1 - (-3 + 8))
10
Evaluate 0 - -8 - (1 + 10 - (0 - 9)).
-12
What is 16 + -33 - (-17 + 3)?
-3
What is the value of -1 - ((-16 - -19) + 1)?
-5
What is the value of -3 - ((-1 - -1 - (-16 + 19)) + -23)?
23
-29 + (-5 - (-39 + 24))
-19
Evaluate (-1 - 0 - -6) + 2 + -7 + -13.
-13
What is (94 - 83) + -19 + -3 + 6 + 4?
-1
Evaluate -5 - 3 - (2 - 10 - -2).
-2
Evaluate -4 + 3 + 3 - (-398 + 370).
30
What is the value of -4 + 8 + -1 + 3 + -3 + 2?
5
What is -3 - ((5 - 1) + 6 + -14 + 5)?
-4
-25 + (12 - (3 - 1)) + -79 + 72
-22
Evaluate -18 - (8 + (5 - 13) + 3).
-21
4 + 9 + (-22 - -16) + 27
34
What is the value of (50 - (18 + 1)) + -22?
9
What is -11 + (1 + -1 - (-5 + -32))?
26
-3 + (23 - -14) + -24
10
What is -3 + (6 + 2 - (27 + -21))?
-1
What is -25 + 1 - ((-3 - -1) + -2)?
-20
Calculate (14 - 1) + (-16 - -11) + (0 - -6).
14
-29 - -3 - (-77 - -55)
-4
What is 13 + (0 - -3) + -7?
9
Calculate 6 + (9 - 29) - -33.
19
What is the value of 170 - 182 - (0 + -5)?
-7
80 + -74 + (2 - (9 - 2)) + 2
3
What is the value of 3 + (-4 - 2 - (-5 + 19 - -4))?
-21
What is 8 + -6 - -2 - (15 - 0) - 3?
-14
Evaluate 353 - 361 - (-1 - 17).
10
Evaluate (-16 - -21 - (-7 + 1)) + 8 + -43.
-24
Evaluate -19 + (15 - (-10 + 18)).
-12
Evaluate 3 + -10 - (-16 - 4) - (-21 + 19).
15
Evaluate -26 - (-2 + -3 - 11).
-10
Calculate (4 - -18 - 46) + 20.
-4
Evaluate 20 - (-13 + 22 + -11).
22
-42 - (11 - (-15 - (-37 - -5)))
-36
11 + -25 + 12 - (-2 - 3)
3
(6 - -21) + (-223 - -180)
-16
Calculate (0 + (4 - -2) - 8) + -9 + 0.
-11
-6 + 2 - (-1 - 15)
12
What is -207 + 205 - (-2 + 15 - 2)?
-13
What is (10 - -3) + 8 + -16 + (-2 - -27)?
30
0 - (-3 + (3 - -1) + 12)
-13
Calculate 22 + -15 - (12 - -5).
-10
Calculate (1 + (-4 - -1) - 3) + (12 - 10).
-3
What is the value of 12 + (4 - -3 - (58 + -38))?
-1
What is the value of -5 + -1 + -2 - (15 - 45)?
22
Evaluate (38 - 56) + (6 - -3 - 5 - 0).
-14
-3 - ((9 - 35) + 12)
11
What is 3 - (0 - (5 - 9 - 1) - 6)?
4
-2 + 8 + (-28 + 10 - -10) - 19
-21
3 + -22 + (22 - (-19 + 30))
-8
Evaluate -1 - (1 + -4) - 3.
-1
2 + (-14 - (6 + -12))
-6
Calculate 7 - (-2 - (0 - 7)) - -5.
7
What is the value of 0 + -1 + (1 - -4) + -2?
2
Evaluate 5 + (19